{"id":35,"date":"2008-05-18T21:00:42","date_gmt":"2008-05-18T21:00:42","guid":{"rendered":"http:\/\/www.kumbiaphp.com\/blog\/?page_id=35"},"modified":"2019-07-03T17:56:32","modified_gmt":"2019-07-03T16:56:32","slug":"tutoriales-y-screencast","status":"publish","type":"page","link":"https:\/\/kumbiaphp.com\/blog\/tutoriales-y-screencast\/","title":{"rendered":"Tutoriales y screencast"},"content":{"rendered":"<p><iframe loading=\"lazy\" src=\"https:\/\/player.vimeo.com\/video\/168209025\" width=\"940\" height=\"529\" frameborder=\"0\" allowfullscreen=\"allowfullscreen\"><\/iframe><\/p>\n<h2><a href=\"http:\/\/wiki.kumbiaphp.com\/Hola_Mundo_KumbiaPHP_Framework\" target=\"_self\" rel=\"noopener noreferrer\">Hola Mundo<\/a><\/h2>\n<p>(versi\u00f3n 1.0)<br \/>\nEste ejemplo tiene como objetivo entender la creaci\u00f3n de una primera aplicaci\u00f3n usando KumbiaPHP, que nos servir\u00e1 para entender la arquitectura MVC y algunos caracter\u00edsticas interesantes del framework.<\/p>\n<p><a href=\"http:\/\/wiki.kumbiaphp.com\/Hola_Mundo_KumbiaPHP_Framework\">Accede al Ejemplo<\/a><\/p>\n<h2><a href=\"http:\/\/wiki.kumbiaphp.com\/V1.0_CRUD_en_KumbiaPHP_Framework\">Como hacer un CRUD<\/a><\/h2>\n<p>(versi\u00f3n 1.0)<br \/>\nEste ejemplo nos permitir\u00e1 de manera sencilla conocer y entender la implementaci\u00f3n de un CRUD (Create, Read, Update y Delete en ingl\u00e9s) sin la necesidad de un Scaffold (<del datetime=\"2009-09-04T19:16:28+00:00\">StandardForm<\/del>) y un manejo correcto del MVC en KumbiaPHP.<\/p>\n<p><a href=\"http:\/\/wiki.kumbiaphp.com\/Como_hacer_un_CRUD_en_KumbiaPHP_Framework\">Accede al Ejemplo<\/a><\/p>\n<h2><a href=\"http:\/\/wiki.kumbiaphp.com\/Como_Usar_los_Modelos_en_KumbiaPHP\">Como usar los Modelos<\/a><\/h2>\n<p>Explica cual es la forma correcta de utilizar los modelos en KumbiaPHP.<\/p>\n<p><a href=\"http:\/\/wiki.kumbiaphp.com\/Como_Usar_los_Modelos_en_KumbiaPHP\">Accede al Ejemplo<\/a><\/p>\n<h2><a href=\"\/\/www.kumbiaphp.com\/blog\/category\/tutoriales-y-screencast\/\">Art\u00edculos en el blog\u00a0de tutoriales<\/a><\/h2>\n<h2><a href=\"http:\/\/wiki.kumbiaphp.com\/Principal\">Wiki con tutoriales<\/a><\/h2>\n<h2><\/h2>\n","protected":false},"excerpt":{"rendered":"<p>Hola Mundo (versi\u00f3n 1.0) Este ejemplo tiene como objetivo entender la creaci\u00f3n de una primera aplicaci\u00f3n usando KumbiaPHP, que&hellip;<\/p>\n","protected":false},"author":17,"featured_media":0,"parent":0,"menu_order":3,"comment_status":"closed","ping_status":"open","template":"","meta":{"_crdt_document":"","inline_featured_image":false,"_monsterinsights_skip_tracking":false,"_monsterinsights_sitenote_active":false,"_monsterinsights_sitenote_note":"","_monsterinsights_sitenote_category":0,"footnotes":""},"class_list":["post-35","page","type-page","status-publish","hentry"],"yoast_head":"<!-- This site is optimized with the Yoast SEO plugin v27.4 - https:\/\/yoast.com\/product\/yoast-seo-wordpress\/ -->\n<title>Tutoriales y screencast - KumbiaPHP Framework PHP en espa\u00f1ol<\/title>\n<meta name=\"robots\" content=\"index, follow, max-snippet:-1, max-image-preview:large, max-video-preview:-1\" \/>\n<link rel=\"canonical\" href=\"https:\/\/kumbiaphp.com\/blog\/tutoriales-y-screencast\/\" \/>\n<meta property=\"og:locale\" content=\"es_ES\" \/>\n<meta property=\"og:type\" content=\"article\" \/>\n<meta property=\"og:title\" content=\"Tutoriales y screencast - KumbiaPHP Framework PHP en espa\u00f1ol\" \/>\n<meta property=\"og:description\" content=\"Hola Mundo (versi\u00f3n 1.0) Este ejemplo tiene como objetivo entender la creaci\u00f3n de una primera aplicaci\u00f3n usando KumbiaPHP, que&hellip;\" \/>\n<meta property=\"og:url\" content=\"https:\/\/kumbiaphp.com\/blog\/tutoriales-y-screencast\/\" \/>\n<meta property=\"og:site_name\" content=\"KumbiaPHP Framework PHP en espa\u00f1ol\" \/>\n<meta property=\"article:publisher\" content=\"https:\/\/www.facebook.com\/kumbia.fw\" \/>\n<meta property=\"article:modified_time\" content=\"2019-07-03T16:56:32+00:00\" \/>\n<meta name=\"twitter:card\" content=\"summary_large_image\" \/>\n<meta name=\"twitter:site\" content=\"@kumbiaphp\" \/>\n<meta name=\"twitter:label1\" content=\"Tiempo de lectura\" \/>\n\t<meta name=\"twitter:data1\" content=\"1 minuto\" \/>\n<script type=\"application\/ld+json\" class=\"yoast-schema-graph\">{\"@context\":\"https:\\\/\\\/schema.org\",\"@graph\":[{\"@type\":\"WebPage\",\"@id\":\"https:\\\/\\\/kumbiaphp.com\\\/blog\\\/tutoriales-y-screencast\\\/\",\"url\":\"https:\\\/\\\/kumbiaphp.com\\\/blog\\\/tutoriales-y-screencast\\\/\",\"name\":\"Tutoriales y screencast - KumbiaPHP Framework PHP en espa\u00f1ol\",\"isPartOf\":{\"@id\":\"https:\\\/\\\/kumbiaphp.com\\\/blog\\\/#website\"},\"datePublished\":\"2008-05-18T21:00:42+00:00\",\"dateModified\":\"2019-07-03T16:56:32+00:00\",\"breadcrumb\":{\"@id\":\"https:\\\/\\\/kumbiaphp.com\\\/blog\\\/tutoriales-y-screencast\\\/#breadcrumb\"},\"inLanguage\":\"es\",\"potentialAction\":[{\"@type\":\"ReadAction\",\"target\":[\"https:\\\/\\\/kumbiaphp.com\\\/blog\\\/tutoriales-y-screencast\\\/\"]}]},{\"@type\":\"BreadcrumbList\",\"@id\":\"https:\\\/\\\/kumbiaphp.com\\\/blog\\\/tutoriales-y-screencast\\\/#breadcrumb\",\"itemListElement\":[{\"@type\":\"ListItem\",\"position\":1,\"name\":\"Portada\",\"item\":\"https:\\\/\\\/kumbiaphp.com\\\/blog\\\/\"},{\"@type\":\"ListItem\",\"position\":2,\"name\":\"Tutoriales y screencast\"}]},{\"@type\":\"WebSite\",\"@id\":\"https:\\\/\\\/kumbiaphp.com\\\/blog\\\/#website\",\"url\":\"https:\\\/\\\/kumbiaphp.com\\\/blog\\\/\",\"name\":\"KumbiaPHP Framework PHP en espa\u00f1ol\",\"description\":\"Web &amp; app MVC PHP framework\",\"publisher\":{\"@id\":\"https:\\\/\\\/kumbiaphp.com\\\/blog\\\/#organization\"},\"potentialAction\":[{\"@type\":\"SearchAction\",\"target\":{\"@type\":\"EntryPoint\",\"urlTemplate\":\"https:\\\/\\\/kumbiaphp.com\\\/blog\\\/?s={search_term_string}\"},\"query-input\":{\"@type\":\"PropertyValueSpecification\",\"valueRequired\":true,\"valueName\":\"search_term_string\"}}],\"inLanguage\":\"es\"},{\"@type\":\"Organization\",\"@id\":\"https:\\\/\\\/kumbiaphp.com\\\/blog\\\/#organization\",\"name\":\"KumbiaPHP Framework PHP en espa\u00f1ol\",\"url\":\"https:\\\/\\\/kumbiaphp.com\\\/blog\\\/\",\"logo\":{\"@type\":\"ImageObject\",\"inLanguage\":\"es\",\"@id\":\"https:\\\/\\\/kumbiaphp.com\\\/blog\\\/#\\\/schema\\\/logo\\\/image\\\/\",\"url\":\"https:\\\/\\\/kumbiaphp.com\\\/blog\\\/wp-content\\\/uploads\\\/2015\\\/02\\\/logo.png\",\"contentUrl\":\"https:\\\/\\\/kumbiaphp.com\\\/blog\\\/wp-content\\\/uploads\\\/2015\\\/02\\\/logo.png\",\"width\":432,\"height\":50,\"caption\":\"KumbiaPHP Framework PHP en espa\u00f1ol\"},\"image\":{\"@id\":\"https:\\\/\\\/kumbiaphp.com\\\/blog\\\/#\\\/schema\\\/logo\\\/image\\\/\"},\"sameAs\":[\"https:\\\/\\\/www.facebook.com\\\/kumbia.fw\",\"https:\\\/\\\/x.com\\\/kumbiaphp\"]}]}<\/script>\n<!-- \/ Yoast SEO plugin. -->","yoast_head_json":{"title":"Tutoriales y screencast - KumbiaPHP Framework PHP en espa\u00f1ol","robots":{"index":"index","follow":"follow","max-snippet":"max-snippet:-1","max-image-preview":"max-image-preview:large","max-video-preview":"max-video-preview:-1"},"canonical":"https:\/\/kumbiaphp.com\/blog\/tutoriales-y-screencast\/","og_locale":"es_ES","og_type":"article","og_title":"Tutoriales y screencast - KumbiaPHP Framework PHP en espa\u00f1ol","og_description":"Hola Mundo (versi\u00f3n 1.0) Este ejemplo tiene como objetivo entender la creaci\u00f3n de una primera aplicaci\u00f3n usando KumbiaPHP, que&hellip;","og_url":"https:\/\/kumbiaphp.com\/blog\/tutoriales-y-screencast\/","og_site_name":"KumbiaPHP Framework PHP en espa\u00f1ol","article_publisher":"https:\/\/www.facebook.com\/kumbia.fw","article_modified_time":"2019-07-03T16:56:32+00:00","twitter_card":"summary_large_image","twitter_site":"@kumbiaphp","twitter_misc":{"Tiempo de lectura":"1 minuto"},"schema":{"@context":"https:\/\/schema.org","@graph":[{"@type":"WebPage","@id":"https:\/\/kumbiaphp.com\/blog\/tutoriales-y-screencast\/","url":"https:\/\/kumbiaphp.com\/blog\/tutoriales-y-screencast\/","name":"Tutoriales y screencast - KumbiaPHP Framework PHP en espa\u00f1ol","isPartOf":{"@id":"https:\/\/kumbiaphp.com\/blog\/#website"},"datePublished":"2008-05-18T21:00:42+00:00","dateModified":"2019-07-03T16:56:32+00:00","breadcrumb":{"@id":"https:\/\/kumbiaphp.com\/blog\/tutoriales-y-screencast\/#breadcrumb"},"inLanguage":"es","potentialAction":[{"@type":"ReadAction","target":["https:\/\/kumbiaphp.com\/blog\/tutoriales-y-screencast\/"]}]},{"@type":"BreadcrumbList","@id":"https:\/\/kumbiaphp.com\/blog\/tutoriales-y-screencast\/#breadcrumb","itemListElement":[{"@type":"ListItem","position":1,"name":"Portada","item":"https:\/\/kumbiaphp.com\/blog\/"},{"@type":"ListItem","position":2,"name":"Tutoriales y screencast"}]},{"@type":"WebSite","@id":"https:\/\/kumbiaphp.com\/blog\/#website","url":"https:\/\/kumbiaphp.com\/blog\/","name":"KumbiaPHP Framework PHP en espa\u00f1ol","description":"Web &amp; app MVC PHP framework","publisher":{"@id":"https:\/\/kumbiaphp.com\/blog\/#organization"},"potentialAction":[{"@type":"SearchAction","target":{"@type":"EntryPoint","urlTemplate":"https:\/\/kumbiaphp.com\/blog\/?s={search_term_string}"},"query-input":{"@type":"PropertyValueSpecification","valueRequired":true,"valueName":"search_term_string"}}],"inLanguage":"es"},{"@type":"Organization","@id":"https:\/\/kumbiaphp.com\/blog\/#organization","name":"KumbiaPHP Framework PHP en espa\u00f1ol","url":"https:\/\/kumbiaphp.com\/blog\/","logo":{"@type":"ImageObject","inLanguage":"es","@id":"https:\/\/kumbiaphp.com\/blog\/#\/schema\/logo\/image\/","url":"https:\/\/kumbiaphp.com\/blog\/wp-content\/uploads\/2015\/02\/logo.png","contentUrl":"https:\/\/kumbiaphp.com\/blog\/wp-content\/uploads\/2015\/02\/logo.png","width":432,"height":50,"caption":"KumbiaPHP Framework PHP en espa\u00f1ol"},"image":{"@id":"https:\/\/kumbiaphp.com\/blog\/#\/schema\/logo\/image\/"},"sameAs":["https:\/\/www.facebook.com\/kumbia.fw","https:\/\/x.com\/kumbiaphp"]}]}},"jetpack_sharing_enabled":true,"jetpack-related-posts":[],"amp_enabled":true,"_links":{"self":[{"href":"https:\/\/kumbiaphp.com\/blog\/wp-json\/wp\/v2\/pages\/35","targetHints":{"allow":["GET"]}}],"collection":[{"href":"https:\/\/kumbiaphp.com\/blog\/wp-json\/wp\/v2\/pages"}],"about":[{"href":"https:\/\/kumbiaphp.com\/blog\/wp-json\/wp\/v2\/types\/page"}],"author":[{"embeddable":true,"href":"https:\/\/kumbiaphp.com\/blog\/wp-json\/wp\/v2\/users\/17"}],"replies":[{"embeddable":true,"href":"https:\/\/kumbiaphp.com\/blog\/wp-json\/wp\/v2\/comments?post=35"}],"version-history":[{"count":20,"href":"https:\/\/kumbiaphp.com\/blog\/wp-json\/wp\/v2\/pages\/35\/revisions"}],"predecessor-version":[{"id":2212,"href":"https:\/\/kumbiaphp.com\/blog\/wp-json\/wp\/v2\/pages\/35\/revisions\/2212"}],"wp:attachment":[{"href":"https:\/\/kumbiaphp.com\/blog\/wp-json\/wp\/v2\/media?parent=35"}],"curies":[{"name":"wp","href":"https:\/\/api.w.org\/{rel}","templated":true}]}}